en u is divided by -1 + 0 + 4 + m.
6
Suppose 2*n + 4*q = -0*n + 276, n - 110 = 5*q. Suppose -2*d - 2 = 2, d = -4*p + n. Suppose -3*a = -0*a - p. Calculate the remainder when 20 is divided by a.
9
Suppose 2*s - w - 3*w + 2 = 0, -s - 4*w - 13 = 0. Let t = s - -12. What is the remainder when 13 is divided by t?
6
What is the remainder when (-6)/3 + 1 + 120 is divided by 41?
37
Calculate the remainder when 149 is divided by (-2 + 3)*((-2)/(-2) - -29).
29
Let h be (-2)/(3 - 4) + 34. Suppose 0 = -4*i + 5*d + 157, 2*i = -2*d + h + 38. Calculate the remainder when i is divided by 13.
12
Suppose -5*f = i - 87, f + i - 19 = -0*f. What is the remainder when 67 is divided by f?
16
Calculate the remainder when (-9)/((-3)/1 - -2) is divided by 6.
3
Let h(w) = w**3 - 2*w**2 - 2*w - 1. Suppose -7*o + 2*o + 14 = -2*f, -2*f = 4*o - 4. What is the remainder when 5 + (2 - o/1) is divided by h(3)?
1
Suppose 0*w + 3*w - 12 = 0. Let k = 27 + 27. Suppose -3*u + k = w*g, 0 = -3*u + 2*g + 83 - 11. Calculate the remainder when u is divided by 12.
10
Let z = 68 - 53. What is the remainder when z is divided by (0 + 1 - 0) + 8?
6
Suppose 0*c - 2*c - 10 = 0. Let m be (-2)/8 - (-190)/(-8). Calculate the remainder when (-1)/c + m/(-5) is divided by 2.
1
Suppose -2*i - 40 = -6*i. Suppose i = 3*g - 5. Suppose -w + g*h + 25 = h, -5*w + 15 = 2*h. Calculate the remainder when 8 is divided by w.
3
Let i = 14 + -13. Suppose -4 - 5 = -3*x. What is the remainder when x is divided by i?
0
Let x(h) = -2*h - 6. Let s(m) be the first derivative of -m**2/2 + 3. Let j be s(6). Calculate the remainder when 10 is divided by x(j).
4
Suppose -4*a - 3 = -23. Suppose g - 3 = a. Calculate the remainder when 14 is divided by g.
6
Suppose 12 = -0*a - 3*a. Calculate the remainder when 37 is divided by 23/2 - (-6)/a.
7
Let l(f) = 2*f + 41. Let t = 8 + 13. What is the remainder when l(10) is divided by t?
19
Let c(z) = 2*z**2 - 2*z + 1. Suppose -42 = -5*d + 28. Calculate the remainder when c(5) is divided by d.
13
Suppose 3*q - 270 = -3*i, q - 12 - 345 = -4*i. What is the remainder when i is divided by 18?
17
Suppose 3*s + 4*v + 80 = 7*s, 95 = 5*s - 4*v. Calculate the remainder when s is divided by 13.
2
Let d(p) = p + 9. Let i be d(-5). Suppose -2*o - 4 = 4*u + 6, -i*o - 8 = 5*u. Calculate the remainder when 1 - 1 - (-9)/o is divided by 2.
1
Let v = 0 + 35. Calculate the remainder when 102 is divided by v.
32
Let m(p) = -6*p**2 - 6*p + 3. Let d(z) = 19*z**2 + 19*z - 9. Let a(q) = -2*d(q) - 7*m(q). Calculate the remainder when a(4) is divided by 26.
25
Suppose -2 = -c + 12. What is the remainder when 54 is divided by c?
12
Let p(j) = j + 2. Let b be p(-2). Suppose b = 2*n - 15 - 3. Calculate the remainder when n is divided by 5.
4
Let s(a) = -a**2 + 6*a + 9. Let c be s(7). Let f = c + 8. Calculate the remainder when 29 is divided by f.
9
Suppose 9 = 7*k - 26. What is the remainder when 9 is divided by k?
4
Let d be -3 - (9/(-3) + 39). Let l = d + 64. Calculate the remainder when 73 is divided by l.
23
Suppose 0 = -f + 1 - 0. Let n = 7 - f. What is the remainder when 17 is divided by n?
5
Let z = 7 - -9. Calculate the remainder when 61 is divided by z.
13
Calculate the remainder when 202 is divided by -3*((-68)/(-12))/(-1).
15
What is the remainder when 105 is divided by 16/8*1/(1/9)?
15
Suppose 30 = 3*s - n, 2*n + 24 = 2*s - 0. What is the remainder when 35 is divided by s?
8
Let o(g) = -3*g - 3. Let y be o(5). Let i = 25 + y. What is the remainder when 18 is divided by i?
4
Let d(k) = 10*k + k**3 + 6 - 4 + 16*k**2 + 7 - 6*k**2. Let x be d(-9). Suppose x*p + 5*p = 105. Calculate the remainder when p is divided by 11.
10
What is the remainder when 50 is divided by 2/5 - 266/(-10)?
23
Suppose 20*u - 52 = 18*u. What is the remainder when u is divided by 14?
12
Let x = 11 + 27. What is the remainder when x is divided by 13?
12
Let t(w) = -w**3 + 3*w**2 + w - 1. Let o be t(3). Suppose -o*j + 8 = 3*f, -4*f = -3*f - j - 1. Calculate the remainder when 3 is divided by f.
1
Suppose -5*k = b + 15, 10 = -3*b + 2*k - 18. Let f be 4/b + (-6)/10. Calculate the remainder when 25 is divided by 0 - -12 - f/1.
12
Let b = -10 + 15. Suppose 2*u + g + 42 = 7*u, 2*u - 15 = g. What is the remainder when u is divided by b?
4
Let i(q) = q**2 + 5*q - 11. Calculate the remainder when 45 is divided by i(-8).
6
Calculate the remainder when 2/(-10)*2 - 1182/(-30) is divided by 8.
7
Suppose 61 = 5*x + 5*f - 239, -f + 304 = 5*x. Let b = -5 - -11. Let o = 10 + b. What is the remainder when x is divided by o?
13
Let m = 13 - 16. What is the remainder when 116/((-1)/(m/6)) is divided by 15?
13
Let p be (12/5)/(6/15). Suppose -4*j + 6 = r - p*r, 5*j - 3*r - 14 = 0. Calculate the remainder when 10 is divided by j.
2
Let y = -13 - -38. What is the remainder when 48 is divided by y?
23
Let x(c) = c**3 - 3*c**2 + 2*c + 3. Suppose 2*i - 76 = 94. Let g = i - 59. What is the remainder when g is divided by x(3)?
8
Let z = 24 + -1. Calculate the remainder when z is divided by 8.
7
Let v(k) = k**2 - 6*k + 13. What is the remainder when v(9) is divided by 21?
19
Suppose -4 = 5*n + 26. Calculate the remainder when n*-4*15/18 is divided by 7.
6
Let a be 18/27 + 14/(-3). Let c = 0 - a. Calculate the remainder when 1 + 3*-1*-3 is divided by c.
2
Suppose 9*d - 7*d - 12 = 0. What is the remainder when d is divided by 4?
2
Let p(v) = v + 1. Let s be p(4). Suppose 2*z + 3*z = l + 13, -5 = -s*z + 5*l. Suppose 0 = -z*f + 4 + 32. What is the remainder when f is divided by 7?
5
Suppose -r + 12 - 2 = 5*w, 0 = 4*r + 3*w - 6. Suppose q = -r*q + 18. Calculate the remainder when 70 is divided by q.
16
Let u = -11 - -18. Suppose c - 2*c = -u. Let q = c - -31. What is the remainder when q is divided by 13?
12
Suppose -x - 2*x + 87 = 0. What is the remainder when x is divided by 11?
7
Let x(p) = 4*p**2. Let r be x(1). Suppose -2*o = -3*o + r. Suppose 3*y = 8*y - 55. What is the remainder when y is divided by o?
3
Suppose 4*o = 2 - 14, o + 5 = 2*u. Calculate the remainder when (-273)/(-5) + (-4)/(-10) is divided by (0 + u)/((-11)/(-154)).
13
Suppose y - 11 - 1 = 0. Calculate the remainder when y is divided by 7.
5
Let r(l) = 3*l**2 + 4*l + 4. Let g(m) = -m**2 + 6*m - 1. Calculate the remainder when r(-2) is divided by g(5).
0
Let k(o) = -o**2 + 9*o + 11. Calculate the remainder when k(9) is divided by 4.
3
Let z(m) = m. Let u be z(3). Let f(j) = 5*j - 2*j + 4*j**2 + 1 + 4*j**3 - 5*j**3. Calculate the remainder when f(u) is divided by 7.
5
Suppose 0 = 2*n - 7*n + 145. Calculate the remainder when 56 is divided by n.
27
Suppose 0*u + u - 5*b = 9, 4*u - 12 = -4*b. Calculate the remainder when 6 is divided by u.
2
Suppose 10*j - 1188 = 162. Calculate the remainder when j is divided by 23.
20
Let v = 4 + -3. Let u = 1 + v. What is the remainder when u is divided by (-1*2/1)/(-2)?
0
Suppose -75 = -7*z + 2*z. Suppose b + 5*v - 15 = -4*b, -2*v = 4*b - 8. Calculate the remainder when (b/(-3))/((-1)/z) is divided by 2.
1
Let p = -21 + 20. What is the remainder when ((-3)/9)/(p/117) is divided by 14?
11
Let k = -2 - -4. Calculate the remainder when (-69)/(-9) + k/(-3) is divided by 1/((-18)/(-8) + -2).
3
Suppose -3*g = -15, g - 2 = 4*w + 15. Let i(z) = -3*z - 2. Calculate the remainder when 19 is divided by i(w).
5
Let t(p) = 4 + 0*p**2 + p - p**2 + p**2 + 2*p**2. Let b = -6 + 9. Calculate the remainder when t(b) is divided by 9.
7
Calculate the remainder when 62 is divided by 15/6*(-64)/(-10).
14
Let h be ((-14)/6)/((-6)/(-36)). Let w = h + 29. What is the remainder when 44 is divided by w?
14
Let b(l) be the first derivative of l**3 - 3*l**2 + 6*l - 4. What is the remainder when b(6) is divided by 20?
18
Suppose 3*a + 47 = 4*s, -3*s - 5*a - 9 = -s. Let x(k) = 27*k - 4. What is the remainder when x(1) is divided by s?
7
Suppose 4*t + y - 6*y = 43, 0 = 2*t + y - 25. What is the remainder when 44 is divided by t?
8
Let j(v) = v**3 - 11*v**2 + v + 4. What is the remainder when 27 is divided by j(11)?
12
Suppose 18 = -0*c + 2*c. Let k = 36 + -10. What is the remainder when k is divided by c?
8
Let d(o) = 2*o**2 - 7*o + 2. Let y(u) = -u - u - 4 + 7*u. Calculate the remainder when d(6) is divided by y(3).
10
Calculate the remainder when 51 is divided by (6/10)/(177/(-90) + 2).
15